{"id":177,"date":"2024-02-21T17:09:52","date_gmt":"2024-02-21T16:09:52","guid":{"rendered":"https:\/\/lopoliticoesunverbo.com\/?page_id=177"},"modified":"2024-02-21T17:09:52","modified_gmt":"2024-02-21T16:09:52","slug":"publicaciones","status":"publish","type":"page","link":"https:\/\/lopoliticoesunverbo.com\/index.php\/publicaciones\/","title":{"rendered":"Publicaciones"},"content":{"rendered":"\n<section class=\"wp-block-group alignfull has-text-color has-background has-global-padding is-layout-constrained wp-container-core-group-layout-4 wp-block-group-is-layout-constrained\" style=\"color:#03081e;background-color:#c7b6c9;margin-top:0px;padding-top:5.01rem;padding-right:1rem;padding-bottom:5.5rem;padding-left:1rem;font-size:clamp(0.875rem, 0.875rem + ((1vw - 0.2rem) * 0.464), 1.13rem);font-style:normal;font-weight:400;line-height:1.4\">\n<div class=\"wp-block-columns is-layout-flex wp-container-core-columns-layout-1 wp-block-columns-is-layout-flex\" style=\"margin-bottom:0px\">\n<div class=\"wp-block-column has-global-padding is-content-justification-left is-layout-constrained wp-container-core-column-layout-1 wp-block-column-is-layout-constrained\" style=\"flex-basis:45%\">\n<figure class=\"wp-block-image aligncenter size-full is-resized\"><img loading=\"lazy\" decoding=\"async\" width=\"800\" height=\"1232\" src=\"https:\/\/lopoliticoesunverbo.com\/wp-content\/uploads\/2024\/02\/LR_Magallanes-COMPLETO_21AGO-1-1.png\" alt=\"\" class=\"wp-image-179\" style=\"width:446px\" srcset=\"https:\/\/lopoliticoesunverbo.com\/wp-content\/uploads\/2024\/02\/LR_Magallanes-COMPLETO_21AGO-1-1.png 800w, https:\/\/lopoliticoesunverbo.com\/wp-content\/uploads\/2024\/02\/LR_Magallanes-COMPLETO_21AGO-1-1-195x300.png 195w, https:\/\/lopoliticoesunverbo.com\/wp-content\/uploads\/2024\/02\/LR_Magallanes-COMPLETO_21AGO-1-1-665x1024.png 665w, https:\/\/lopoliticoesunverbo.com\/wp-content\/uploads\/2024\/02\/LR_Magallanes-COMPLETO_21AGO-1-1-768x1183.png 768w\" sizes=\"(max-width: 800px) 100vw, 800px\" \/><\/figure>\n<\/div>\n\n\n\n<div class=\"wp-block-column is-layout-flow wp-block-column-is-layout-flow\">\n<div class=\"wp-block-group is-vertical is-content-justification-left is-layout-flex wp-container-core-group-layout-3 wp-block-group-is-layout-flex\" style=\"min-height:100%\">\n<div class=\"wp-block-group has-global-padding is-content-justification-center is-layout-constrained wp-container-core-group-layout-2 wp-block-group-is-layout-constrained\">\n<h3 class=\"wp-block-heading has-text-align-left has-text-color has-prata-regular-font-family\" style=\"color:#785267;margin-top:0.5rem;margin-bottom:1.01rem;font-size:clamp(1.25rem, 1.25rem + ((1vw - 0.2rem) * 1.364), 2rem);font-style:normal;font-weight:500;letter-spacing:0px;line-height:1.3\">Paisajes culturales; Laura Rodig en Magallanes (1918-1951)<\/h3>\n\n\n\n<p class=\"has-text-align-left has-text-color has-prata-regular-font-family\" style=\"color:#03081e;margin-top:0rem;font-size:clamp(0.875rem, 0.875rem + ((1vw - 0.2rem) * 0.609), 1.21rem);font-style:normal;font-weight:400;line-height:1.6\">Esta publicaci\u00f3n busca difundir las obras realizadas por Laura Rodig en Magallanes entre 1918 y 1951 a trav\u00e9s de diversos viajes realizados por la artista en el territorio austral y su contribuci\u00f3n a la historia y patrimonio regional. Este libro ofrece la posibilidad de conocer la trayectoria de Laura Rodig desde un enfoque de g\u00e9nero, contribuyendo as\u00ed a la visibilidad del rol de las mujeres en la construcci\u00f3n del patrimonio cultural, la memoria y las identidades de nuestra sociedad. A trav\u00e9s de fuentes in\u00e9ditas, la investigaci\u00f3n pone en valor el fondo fotogr\u00e1fico Esteban Scarpa custodiado por el Museo Regional de Magallanes que registra el contexto de producci\u00f3n de las obras de Rodig.<\/p>\n\n\n\n<div class=\"wp-block-group has-global-padding is-content-justification-left is-layout-constrained wp-container-core-group-layout-1 wp-block-group-is-layout-constrained\" style=\"margin-top:0px\">\n<div class=\"wp-block-buttons is-horizontal is-content-justification-left is-layout-flex wp-container-core-buttons-layout-1 wp-block-buttons-is-layout-flex\" style=\"margin-top:2.51rem\">\n<div class=\"wp-block-button has-custom-width wp-block-button__width-100 has-custom-font-size is-style-fill has-work-sans-regular-font-family\" style=\"font-size:clamp(0.875rem, 0.875rem + ((1vw - 0.2rem) * 0.609), 1.21rem);font-style:normal;font-weight:400;line-height:1;text-transform:capitalize\"><a class=\"wp-block-button__link has-text-color has-background has-border-color wp-element-button\" href=\"https:\/\/cosset88.wixsite.com\/paisajes-culturales\" style=\"border-color:#041d55;border-style:solid;border-width:1px;border-radius:2.5rem;color:#ffffff;background-color:#785267;padding-top:1.1rem;padding-right:0.81rem;padding-bottom:1.1rem;padding-left:0.81rem\" target=\"_blank\" rel=\"noreferrer noopener\">M\u00e1s informaci\u00f3n<\/a><\/div>\n<\/div>\n<\/div>\n<\/div>\n<\/div>\n<\/div>\n<\/div>\n<\/section>\n","protected":false},"excerpt":{"rendered":"<p>Paisajes culturales; Laura Rodig en Magallanes (1918-1951) Esta publicaci\u00f3n busca difundir las obras realizadas por Laura Rodig en Magallanes entre 1918 y 1951 a trav\u00e9s de diversos viajes realizados por la artista en el territorio austral y su contribuci\u00f3n a la historia y patrimonio regional. Este libro ofrece la posibilidad de conocer la trayectoria de [&hellip;]<\/p>\n","protected":false},"author":1,"featured_media":0,"parent":0,"menu_order":0,"comment_status":"closed","ping_status":"closed","template":"websites-island","meta":{"_eb_attr":"","footnotes":""},"aioseo_notices":[],"_links":{"self":[{"href":"https:\/\/lopoliticoesunverbo.com\/index.php\/wp-json\/wp\/v2\/pages\/177"}],"collection":[{"href":"https:\/\/lopoliticoesunverbo.com\/index.php\/wp-json\/wp\/v2\/pages"}],"about":[{"href":"https:\/\/lopoliticoesunverbo.com\/index.php\/wp-json\/wp\/v2\/types\/page"}],"author":[{"embeddable":true,"href":"https:\/\/lopoliticoesunverbo.com\/index.php\/wp-json\/wp\/v2\/users\/1"}],"replies":[{"embeddable":true,"href":"https:\/\/lopoliticoesunverbo.com\/index.php\/wp-json\/wp\/v2\/comments?post=177"}],"version-history":[{"count":1,"href":"https:\/\/lopoliticoesunverbo.com\/index.php\/wp-json\/wp\/v2\/pages\/177\/revisions"}],"predecessor-version":[{"id":180,"href":"https:\/\/lopoliticoesunverbo.com\/index.php\/wp-json\/wp\/v2\/pages\/177\/revisions\/180"}],"wp:attachment":[{"href":"https:\/\/lopoliticoesunverbo.com\/index.php\/wp-json\/wp\/v2\/media?parent=177"}],"curies":[{"name":"wp","href":"https:\/\/api.w.org\/{rel}","templated":true}]}}

<section class="wp-block-group alignfull has-text-color has-background has-global-padding is-layout-constrained wp-container-core-group-layout-4 wp-block-group-is-layout-constrained" style="color:#03081e;background-color:#c7b6c9;margin-top:0px;padding-top:5.01rem;padding-right:1rem;padding-bottom:5.5rem;padding-left:1rem;font-size:clamp(0.875rem, 0.875rem + ((1vw - 0.2rem) * 0.464), 1.13rem);font-style:normal;font-weight:400;line-height:1.4">
<div class="wp-block-columns is-layout-flex wp-container-core-columns-layout-1 wp-block-columns-is-layout-flex" style="margin-bottom:0px">
<div class="wp-block-column has-global-padding is-content-justification-left is-layout-constrained wp-container-core-column-layout-1 wp-block-column-is-layout-constrained" style="flex-basis:45%">
<figure class="wp-block-image aligncenter size-full is-resized"><img loading="lazy" decoding="async" width="800" height="1232" src="https://lopoliticoesunverbo.com/wp-content/uploads/2024/02/LR_Magallanes-COMPLETO_21AGO-1-1.png" alt="" class="wp-image-179" style="width:446px" srcset="https://lopoliticoesunverbo.com/wp-content/uploads/2024/02/LR_Magallanes-COMPLETO_21AGO-1-1.png 800w, https://lopoliticoesunverbo.com/wp-content/uploads/2024/02/LR_Magallanes-COMPLETO_21AGO-1-1-195x300.png 195w, https://lopoliticoesunverbo.com/wp-content/uploads/2024/02/LR_Magallanes-COMPLETO_21AGO-1-1-665x1024.png 665w, https://lopoliticoesunverbo.com/wp-content/uploads/2024/02/LR_Magallanes-COMPLETO_21AGO-1-1-768x1183.png 768w" sizes="(max-width: 800px) 100vw, 800px" /></figure>
</div>



<div class="wp-block-column is-layout-flow wp-block-column-is-layout-flow">
<div class="wp-block-group is-vertical is-content-justification-left is-layout-flex wp-container-core-group-layout-3 wp-block-group-is-layout-flex" style="min-height:100%">
<div class="wp-block-group has-global-padding is-content-justification-center is-layout-constrained wp-container-core-group-layout-2 wp-block-group-is-layout-constrained">
<h3 class="wp-block-heading has-text-align-left has-text-color has-prata-regular-font-family" style="color:#785267;margin-top:0.5rem;margin-bottom:1.01rem;font-size:clamp(1.25rem, 1.25rem + ((1vw - 0.2rem) * 1.364), 2rem);font-style:normal;font-weight:500;letter-spacing:0px;line-height:1.3">Paisajes culturales; Laura Rodig en Magallanes (1918-1951)</h3>



<p class="has-text-align-left has-text-color has-prata-regular-font-family" style="color:#03081e;margin-top:0rem;font-size:clamp(0.875rem, 0.875rem + ((1vw - 0.2rem) * 0.609), 1.21rem);font-style:normal;font-weight:400;line-height:1.6">Esta publicación busca difundir las obras realizadas por Laura Rodig en Magallanes entre 1918 y 1951 a través de diversos viajes realizados por la artista en el territorio austral y su contribución a la historia y patrimonio regional. Este libro ofrece la posibilidad de conocer la trayectoria de Laura Rodig desde un enfoque de género, contribuyendo así a la visibilidad del rol de las mujeres en la construcción del patrimonio cultural, la memoria y las identidades de nuestra sociedad. A través de fuentes inéditas, la investigación pone en valor el fondo fotográfico Esteban Scarpa custodiado por el Museo Regional de Magallanes que registra el contexto de producción de las obras de Rodig.</p>



<div class="wp-block-group has-global-padding is-content-justification-left is-layout-constrained wp-container-core-group-layout-1 wp-block-group-is-layout-constrained" style="margin-top:0px">
<div class="wp-block-buttons is-horizontal is-content-justification-left is-layout-flex wp-container-core-buttons-layout-1 wp-block-buttons-is-layout-flex" style="margin-top:2.51rem">
<div class="wp-block-button has-custom-width wp-block-button__width-100 has-custom-font-size is-style-fill has-work-sans-regular-font-family" style="font-size:clamp(0.875rem, 0.875rem + ((1vw - 0.2rem) * 0.609), 1.21rem);font-style:normal;font-weight:400;line-height:1;text-transform:capitalize"><a class="wp-block-button__link has-text-color has-background has-border-color wp-element-button" href="https://cosset88.wixsite.com/paisajes-culturales" style="border-color:#041d55;border-style:solid;border-width:1px;border-radius:2.5rem;color:#ffffff;background-color:#785267;padding-top:1.1rem;padding-right:0.81rem;padding-bottom:1.1rem;padding-left:0.81rem" target="_blank" rel="noreferrer noopener">Más información</a></div>
</div>
</div>
</div>
</div>
</div>
</div>
</section>

<p>Paisajes culturales; Laura Rodig en Magallanes (1918-1951) Esta publicación busca difundir las obras realizadas por Laura Rodig en Magallanes entre 1918 y 1951 a través de diversos viajes realizados por la artista en el territorio austral y su contribución a la historia y patrimonio regional. Este libro ofrece la posibilidad de conocer la trayectoria de [&hellip;]</p>
