{"id":288,"date":"2024-03-08T00:04:57","date_gmt":"2024-03-07T23:04:57","guid":{"rendered":"https:\/\/lopoliticoesunverbo.com\/?page_id=288"},"modified":"2024-03-08T00:04:57","modified_gmt":"2024-03-07T23:04:57","slug":"colaboradoras","status":"publish","type":"page","link":"https:\/\/lopoliticoesunverbo.com\/index.php\/colaboradoras\/","title":{"rendered":"Colaboradoras"},"content":{"rendered":"\n<section class=\"wp-block-group alignfull has-text-color has-background has-global-padding is-layout-constrained wp-container-core-group-layout-4 wp-block-group-is-layout-constrained\" style=\"color:#03081e;background-color:#c7b6c9;margin-top:0px;padding-top:5.01rem;padding-right:1rem;padding-bottom:5.5rem;padding-left:1rem;font-size:clamp(0.875rem, 0.875rem + ((1vw - 0.2rem) * 0.464), 1.13rem);font-style:normal;font-weight:400;line-height:1.4\">\n<div class=\"wp-block-columns is-layout-flex wp-container-core-columns-layout-1 wp-block-columns-is-layout-flex\" style=\"margin-bottom:0px\">\n<div class=\"wp-block-column has-global-padding is-content-justification-left is-layout-constrained wp-container-core-column-layout-1 wp-block-column-is-layout-constrained\" style=\"flex-basis:45%\"><div id=\"metaslider-id-292\" style=\"width: 100%; margin: 0 auto;\" class=\"ml-slider-3-61-0 metaslider metaslider-flex metaslider-292 ml-slider ms-theme-default nav-hidden\" role=\"region\" aria-roledescription=\"Slideshow\" aria-label=\"Nueva presentaci\u00f3n de diapositivas\">\n    <div id=\"metaslider_container_292\">\n        <div id=\"metaslider_292\">\n            <ul aria-live=\"polite\" class=\"slides\">\n                <li style=\"display: block; width: 100%;\" class=\"slide-296 ms-image \" aria-roledescription=\"slide\" aria-label=\"slide-296\"><img loading=\"lazy\" decoding=\"async\" width=\"828\" height=\"579\" src=\"https:\/\/lopoliticoesunverbo.com\/wp-content\/uploads\/2024\/03\/Brigada-Laura-Rodig-1.jpg\" class=\"slider-292 slide-296\" alt=\"\" rel=\"\" title=\"Brigada Laura Rodig 1\" srcset=\"https:\/\/lopoliticoesunverbo.com\/wp-content\/uploads\/2024\/03\/Brigada-Laura-Rodig-1.jpg 828w, https:\/\/lopoliticoesunverbo.com\/wp-content\/uploads\/2024\/03\/Brigada-Laura-Rodig-1-300x210.jpg 300w, https:\/\/lopoliticoesunverbo.com\/wp-content\/uploads\/2024\/03\/Brigada-Laura-Rodig-1-768x537.jpg 768w\" sizes=\"(max-width: 828px) 100vw, 828px\" \/><\/li>\n                <li style=\"display: none; width: 100%;\" class=\"slide-297 ms-image \" aria-roledescription=\"slide\" aria-label=\"slide-297\"><img loading=\"lazy\" decoding=\"async\" width=\"828\" height=\"579\" src=\"https:\/\/lopoliticoesunverbo.com\/wp-content\/uploads\/2024\/03\/138687997_235425554777296_5657812392675946127_n-1.jpg\" class=\"slider-292 slide-297\" alt=\"\" rel=\"\" title=\"138687997_235425554777296_5657812392675946127_n\" srcset=\"https:\/\/lopoliticoesunverbo.com\/wp-content\/uploads\/2024\/03\/138687997_235425554777296_5657812392675946127_n-1.jpg 828w, https:\/\/lopoliticoesunverbo.com\/wp-content\/uploads\/2024\/03\/138687997_235425554777296_5657812392675946127_n-1-300x210.jpg 300w, https:\/\/lopoliticoesunverbo.com\/wp-content\/uploads\/2024\/03\/138687997_235425554777296_5657812392675946127_n-1-768x537.jpg 768w\" sizes=\"(max-width: 828px) 100vw, 828px\" \/><\/li>\n                <li style=\"display: none; width: 100%;\" class=\"slide-298 ms-image \" aria-roledescription=\"slide\" aria-label=\"slide-298\"><img loading=\"lazy\" decoding=\"async\" width=\"871\" height=\"570\" src=\"https:\/\/lopoliticoesunverbo.com\/wp-content\/uploads\/2024\/03\/Brigada-Laura-Rodig-2.jpg\" class=\"slider-292 slide-298\" alt=\"\" rel=\"\" title=\"Brigada Laura Rodig 2\" srcset=\"https:\/\/lopoliticoesunverbo.com\/wp-content\/uploads\/2024\/03\/Brigada-Laura-Rodig-2.jpg 871w, https:\/\/lopoliticoesunverbo.com\/wp-content\/uploads\/2024\/03\/Brigada-Laura-Rodig-2-300x196.jpg 300w, https:\/\/lopoliticoesunverbo.com\/wp-content\/uploads\/2024\/03\/Brigada-Laura-Rodig-2-768x503.jpg 768w\" sizes=\"(max-width: 871px) 100vw, 871px\" \/><\/li>\n            <\/ul>\n        <\/div>\n        \n    <\/div>\n<\/div>\n<\/div>\n\n\n\n<div class=\"wp-block-column is-layout-flow wp-block-column-is-layout-flow\">\n<div class=\"wp-block-group is-vertical is-content-justification-left is-layout-flex wp-container-core-group-layout-3 wp-block-group-is-layout-flex\" style=\"min-height:100%\">\n<div class=\"wp-block-group has-global-padding is-content-justification-center is-layout-constrained wp-container-core-group-layout-2 wp-block-group-is-layout-constrained\">\n<h3 class=\"wp-block-heading has-text-align-left has-text-color has-prata-regular-font-family\" style=\"color:#07277c;margin-top:0.5rem;margin-bottom:1.01rem;font-size:clamp(1.403rem, 1.403rem + ((1vw - 0.2rem) * 1.631), 2.3rem);font-style:normal;font-weight:500;letter-spacing:0px;line-height:1.3\">Brigada Laura Rodig CF8M<\/h3>\n\n\n\n<p>Es una colectiva que enuncia, difunde y promueve aquello que nos une profundamente: un feminismo apasionado, el inter\u00e9s por el arte y la propaganda y una pedagog\u00eda comunitaria como herramienta de autoformaci\u00f3n y organizaci\u00f3n entre todas. Recordamos a Laura Rodig por estos motivos y por muchos otros m\u00e1s. Por su car\u00e1cter rebelde, su compromiso pol\u00edtico con diferentes causas; el comunismo, el indigenismo, la infancia, el proletariado. Laura, feminista, disidente, activista por la emancipaci\u00f3n de la mujer, se incorpora al MEMCh y dise\u00f1a la imagen de agrupaci\u00f3n en 1936, imagen que actualmente inspira nuestra pa\u00f1oleta verde.<\/p>\n\n\n\n<p>Reafirmamos nuestro compromiso y refundamos un camino que se abre con m\u00e1s fuerza, m\u00e1s convicciones y deseos. La revoluci\u00f3n ser\u00e1 feminista o no ser\u00e1!<\/p>\n\n\n\n<p>Nunca m\u00e1s volveremos a la segunda fila!<\/p>\n\n\n\n<p>Siguenos en @brigadalaurarodig @coordinadorafeminista8m<\/p>\n\n\n\n<div class=\"wp-block-group has-global-padding is-content-justification-left is-layout-constrained wp-container-core-group-layout-1 wp-block-group-is-layout-constrained\" style=\"margin-top:0px\">\n<div class=\"wp-block-buttons is-horizontal is-content-justification-left is-layout-flex wp-container-core-buttons-layout-1 wp-block-buttons-is-layout-flex\" style=\"margin-top:2.51rem\">\n<div class=\"wp-block-button has-custom-width wp-block-button__width-100 has-custom-font-size is-style-fill has-work-sans-regular-font-family\" style=\"font-size:clamp(0.875rem, 0.875rem + ((1vw - 0.2rem) * 0.609), 1.21rem);font-style:normal;font-weight:400;line-height:1;text-transform:capitalize\"><a class=\"wp-block-button__link has-text-color has-background has-border-color wp-element-button\" href=\"https:\/\/www.instagram.com\/brigadalaurarodig_cf8m\/\" style=\"border-color:#041d55;border-style:solid;border-width:1px;border-radius:2.5rem;color:#ffffff;background-color:#79536a;padding-top:1.1rem;padding-right:0.81rem;padding-bottom:1.1rem;padding-left:0.81rem\" target=\"_blank\" rel=\"noreferrer noopener\">Explora aqu\u00ed<\/a><\/div>\n<\/div>\n<\/div>\n<\/div>\n<\/div>\n<\/div>\n<\/div>\n<\/section>\n","protected":false},"excerpt":{"rendered":"<p>Brigada Laura Rodig CF8M Es una colectiva que enuncia, difunde y promueve aquello que nos une profundamente: un feminismo apasionado, el inter\u00e9s por el arte y la propaganda y una pedagog\u00eda comunitaria como herramienta de autoformaci\u00f3n y organizaci\u00f3n entre todas. Recordamos a Laura Rodig por estos motivos y por muchos otros m\u00e1s. Por su car\u00e1cter [&hellip;]<\/p>\n","protected":false},"author":1,"featured_media":0,"parent":0,"menu_order":0,"comment_status":"closed","ping_status":"closed","template":"websites-island","meta":{"_eb_attr":"","footnotes":""},"aioseo_notices":[],"_links":{"self":[{"href":"https:\/\/lopoliticoesunverbo.com\/index.php\/wp-json\/wp\/v2\/pages\/288"}],"collection":[{"href":"https:\/\/lopoliticoesunverbo.com\/index.php\/wp-json\/wp\/v2\/pages"}],"about":[{"href":"https:\/\/lopoliticoesunverbo.com\/index.php\/wp-json\/wp\/v2\/types\/page"}],"author":[{"embeddable":true,"href":"https:\/\/lopoliticoesunverbo.com\/index.php\/wp-json\/wp\/v2\/users\/1"}],"replies":[{"embeddable":true,"href":"https:\/\/lopoliticoesunverbo.com\/index.php\/wp-json\/wp\/v2\/comments?post=288"}],"version-history":[{"count":7,"href":"https:\/\/lopoliticoesunverbo.com\/index.php\/wp-json\/wp\/v2\/pages\/288\/revisions"}],"predecessor-version":[{"id":307,"href":"https:\/\/lopoliticoesunverbo.com\/index.php\/wp-json\/wp\/v2\/pages\/288\/revisions\/307"}],"wp:attachment":[{"href":"https:\/\/lopoliticoesunverbo.com\/index.php\/wp-json\/wp\/v2\/media?parent=288"}],"curies":[{"name":"wp","href":"https:\/\/api.w.org\/{rel}","templated":true}]}}

<section class="wp-block-group alignfull has-text-color has-background has-global-padding is-layout-constrained wp-container-core-group-layout-4 wp-block-group-is-layout-constrained" style="color:#03081e;background-color:#c7b6c9;margin-top:0px;padding-top:5.01rem;padding-right:1rem;padding-bottom:5.5rem;padding-left:1rem;font-size:clamp(0.875rem, 0.875rem + ((1vw - 0.2rem) * 0.464), 1.13rem);font-style:normal;font-weight:400;line-height:1.4">
<div class="wp-block-columns is-layout-flex wp-container-core-columns-layout-1 wp-block-columns-is-layout-flex" style="margin-bottom:0px">
<div class="wp-block-column has-global-padding is-content-justification-left is-layout-constrained wp-container-core-column-layout-1 wp-block-column-is-layout-constrained" style="flex-basis:45%"><div id="metaslider-id-292" style="width: 100%; margin: 0 auto;" class="ml-slider-3-61-0 metaslider metaslider-flex metaslider-292 ml-slider ms-theme-default nav-hidden" role="region" aria-roledescription="Slideshow" aria-label="Nueva presentación de diapositivas">
    <div id="metaslider_container_292">
        <div id="metaslider_292">
            <ul aria-live="polite" class="slides">
                <li style="display: block; width: 100%;" class="slide-296 ms-image " aria-roledescription="slide" aria-label="slide-296"><img loading="lazy" decoding="async" width="828" height="579" src="https://lopoliticoesunverbo.com/wp-content/uploads/2024/03/Brigada-Laura-Rodig-1.jpg" class="slider-292 slide-296" alt="" rel="" title="Brigada Laura Rodig 1" srcset="https://lopoliticoesunverbo.com/wp-content/uploads/2024/03/Brigada-Laura-Rodig-1.jpg 828w, https://lopoliticoesunverbo.com/wp-content/uploads/2024/03/Brigada-Laura-Rodig-1-300x210.jpg 300w, https://lopoliticoesunverbo.com/wp-content/uploads/2024/03/Brigada-Laura-Rodig-1-768x537.jpg 768w" sizes="(max-width: 828px) 100vw, 828px" /></li>
                <li style="display: none; width: 100%;" class="slide-297 ms-image " aria-roledescription="slide" aria-label="slide-297"><img loading="lazy" decoding="async" width="828" height="579" src="https://lopoliticoesunverbo.com/wp-content/uploads/2024/03/138687997_235425554777296_5657812392675946127_n-1.jpg" class="slider-292 slide-297" alt="" rel="" title="138687997_235425554777296_5657812392675946127_n" srcset="https://lopoliticoesunverbo.com/wp-content/uploads/2024/03/138687997_235425554777296_5657812392675946127_n-1.jpg 828w, https://lopoliticoesunverbo.com/wp-content/uploads/2024/03/138687997_235425554777296_5657812392675946127_n-1-300x210.jpg 300w, https://lopoliticoesunverbo.com/wp-content/uploads/2024/03/138687997_235425554777296_5657812392675946127_n-1-768x537.jpg 768w" sizes="(max-width: 828px) 100vw, 828px" /></li>
                <li style="display: none; width: 100%;" class="slide-298 ms-image " aria-roledescription="slide" aria-label="slide-298"><img loading="lazy" decoding="async" width="871" height="570" src="https://lopoliticoesunverbo.com/wp-content/uploads/2024/03/Brigada-Laura-Rodig-2.jpg" class="slider-292 slide-298" alt="" rel="" title="Brigada Laura Rodig 2" srcset="https://lopoliticoesunverbo.com/wp-content/uploads/2024/03/Brigada-Laura-Rodig-2.jpg 871w, https://lopoliticoesunverbo.com/wp-content/uploads/2024/03/Brigada-Laura-Rodig-2-300x196.jpg 300w, https://lopoliticoesunverbo.com/wp-content/uploads/2024/03/Brigada-Laura-Rodig-2-768x503.jpg 768w" sizes="(max-width: 871px) 100vw, 871px" /></li>
            </ul>
        </div>
        
    </div>
</div>
</div>



<div class="wp-block-column is-layout-flow wp-block-column-is-layout-flow">
<div class="wp-block-group is-vertical is-content-justification-left is-layout-flex wp-container-core-group-layout-3 wp-block-group-is-layout-flex" style="min-height:100%">
<div class="wp-block-group has-global-padding is-content-justification-center is-layout-constrained wp-container-core-group-layout-2 wp-block-group-is-layout-constrained">
<h3 class="wp-block-heading has-text-align-left has-text-color has-prata-regular-font-family" style="color:#07277c;margin-top:0.5rem;margin-bottom:1.01rem;font-size:clamp(1.403rem, 1.403rem + ((1vw - 0.2rem) * 1.631), 2.3rem);font-style:normal;font-weight:500;letter-spacing:0px;line-height:1.3">Brigada Laura Rodig CF8M</h3>



<p>Es una colectiva que enuncia, difunde y promueve aquello que nos une profundamente: un feminismo apasionado, el interés por el arte y la propaganda y una pedagogía comunitaria como herramienta de autoformación y organización entre todas. Recordamos a Laura Rodig por estos motivos y por muchos otros más. Por su carácter rebelde, su compromiso político con diferentes causas; el comunismo, el indigenismo, la infancia, el proletariado. Laura, feminista, disidente, activista por la emancipación de la mujer, se incorpora al MEMCh y diseña la imagen de agrupación en 1936, imagen que actualmente inspira nuestra pañoleta verde.</p>



<p>Reafirmamos nuestro compromiso y refundamos un camino que se abre con más fuerza, más convicciones y deseos. La revolución será feminista o no será!</p>



<p>Nunca más volveremos a la segunda fila!</p>



<p>Siguenos en @brigadalaurarodig @coordinadorafeminista8m</p>



<div class="wp-block-group has-global-padding is-content-justification-left is-layout-constrained wp-container-core-group-layout-1 wp-block-group-is-layout-constrained" style="margin-top:0px">
<div class="wp-block-buttons is-horizontal is-content-justification-left is-layout-flex wp-container-core-buttons-layout-1 wp-block-buttons-is-layout-flex" style="margin-top:2.51rem">
<div class="wp-block-button has-custom-width wp-block-button__width-100 has-custom-font-size is-style-fill has-work-sans-regular-font-family" style="font-size:clamp(0.875rem, 0.875rem + ((1vw - 0.2rem) * 0.609), 1.21rem);font-style:normal;font-weight:400;line-height:1;text-transform:capitalize"><a class="wp-block-button__link has-text-color has-background has-border-color wp-element-button" href="https://www.instagram.com/brigadalaurarodig_cf8m/" style="border-color:#041d55;border-style:solid;border-width:1px;border-radius:2.5rem;color:#ffffff;background-color:#79536a;padding-top:1.1rem;padding-right:0.81rem;padding-bottom:1.1rem;padding-left:0.81rem" target="_blank" rel="noreferrer noopener">Explora aquí</a></div>
</div>
</div>
</div>
</div>
</div>
</div>
</section>

<p>Brigada Laura Rodig CF8M Es una colectiva que enuncia, difunde y promueve aquello que nos une profundamente: un feminismo apasionado, el interés por el arte y la propaganda y una pedagogía comunitaria como herramienta de autoformación y organización entre todas. Recordamos a Laura Rodig por estos motivos y por muchos otros más. Por su carácter [&hellip;]</p>
