{"id":64,"date":"2024-02-21T17:07:21","date_gmt":"2024-02-21T16:07:21","guid":{"rendered":"https:\/\/lopoliticoesunverbo.com\/?page_id=64"},"modified":"2024-02-21T17:07:21","modified_gmt":"2024-02-21T16:07:21","slug":"biografia","status":"publish","type":"page","link":"https:\/\/lopoliticoesunverbo.com\/index.php\/biografia\/","title":{"rendered":"Biografia"},"content":{"rendered":"\n<section class=\"wp-block-group alignfull has-text-color has-background has-global-padding is-layout-constrained wp-container-core-group-layout-3 wp-block-group-is-layout-constrained\" style=\"color:#03081e;background-color:#c7b6c9;margin-top:0px;padding-top:6.51rem;padding-right:1rem;padding-bottom:5.5rem;padding-left:1rem;font-size:clamp(0.875rem, 0.875rem + ((1vw - 0.2rem) * 0.464), 1.13rem);font-style:normal;font-weight:400;line-height:1.4\">\n<div class=\"wp-block-columns is-layout-flex wp-container-core-columns-layout-1 wp-block-columns-is-layout-flex\" style=\"margin-bottom:0px\">\n<div class=\"wp-block-column has-global-padding is-content-justification-left is-layout-constrained wp-container-core-column-layout-1 wp-block-column-is-layout-constrained\" style=\"flex-basis:45%\">\n<figure class=\"wp-block-image aligncenter size-full is-resized\"><img loading=\"lazy\" decoding=\"async\" width=\"1059\" height=\"1519\" src=\"https:\/\/lopoliticoesunverbo.com\/wp-content\/uploads\/2024\/02\/143_Autografo-Rodig-revista-amauta.png\" alt=\"\" class=\"wp-image-66\" style=\"width:446px\" srcset=\"https:\/\/lopoliticoesunverbo.com\/wp-content\/uploads\/2024\/02\/143_Autografo-Rodig-revista-amauta.png 1059w, https:\/\/lopoliticoesunverbo.com\/wp-content\/uploads\/2024\/02\/143_Autografo-Rodig-revista-amauta-209x300.png 209w, https:\/\/lopoliticoesunverbo.com\/wp-content\/uploads\/2024\/02\/143_Autografo-Rodig-revista-amauta-714x1024.png 714w, https:\/\/lopoliticoesunverbo.com\/wp-content\/uploads\/2024\/02\/143_Autografo-Rodig-revista-amauta-768x1102.png 768w\" sizes=\"(max-width: 1059px) 100vw, 1059px\" \/><\/figure>\n<\/div>\n\n\n\n<div class=\"wp-block-column is-layout-flow wp-block-column-is-layout-flow\">\n<div class=\"wp-block-group is-vertical is-content-justification-left is-layout-flex wp-container-core-group-layout-2 wp-block-group-is-layout-flex\" style=\"min-height:100%\">\n<div class=\"wp-block-group has-global-padding is-content-justification-center is-layout-constrained wp-container-core-group-layout-1 wp-block-group-is-layout-constrained\">\n<h3 class=\"wp-block-heading has-text-align-left has-text-color has-prata-regular-font-family\" style=\"color:#7d556f;margin-top:0.5rem;margin-bottom:1.01rem;font-size:clamp(1.556rem, 1.556rem + ((1vw - 0.2rem) * 1.916), 2.61rem);font-style:normal;font-weight:500;letter-spacing:0px;line-height:1.3\">Laura Rodig Pizarro <\/h3>\n\n\n\n<h3 class=\"wp-block-heading has-text-align-left has-text-color has-prata-regular-font-family\" style=\"color:#7d556f;margin-top:0.5rem;margin-bottom:1.01rem;font-size:clamp(0.929rem, 0.929rem + ((1vw - 0.2rem) * 0.856), 1.4rem);font-style:normal;font-weight:500;letter-spacing:0px;line-height:1.3\">(Los Andes, Chile 1901- Santiago, Chile 1972)\u00a0 <\/h3>\n\n\n\n<p class=\"has-text-align-left has-text-color has-prata-regular-font-family\" style=\"color:#000000;margin-top:0rem;font-size:clamp(0.875rem, 0.875rem + ((1vw - 0.2rem) * 0.609), 1.21rem);font-style:normal;font-weight:400;line-height:1.6\">Profesora de artes pl\u00e1sticas, artista, lesbiana y apasionada feminista. De car\u00e1cter rebelde, se comprometi\u00f3 pol\u00edticamente con diferentes causas: el indigenismo, la infancia y el proletariado. No obstante, la emancipaci\u00f3n de la mujer fue una lucha en la que particip\u00f3 toda su vida, destac\u00e1ndose como activista del MEMCH. En sus diferentes viajes Rodig profundiz\u00f3 lazos afectivos con otras intelectuales y artistas, explorando libremente su sexualidad. Como militante comunista dio refugio a los perseguidos pol\u00edticos, albergando a ni\u00f1as hu\u00e9rfanas en su hogar a trav\u00e9s del Socorro Rojo Internacional. Falleci\u00f3 en octubre de 1972, habiendo buscado incansablemente la justicia social mediante el arte y la educaci\u00f3n.\u00a0<\/p>\n<\/div>\n<\/div>\n<\/div>\n<\/div>\n<\/section>\n","protected":false},"excerpt":{"rendered":"<p>Laura Rodig Pizarro (Los Andes, Chile 1901- Santiago, Chile 1972)\u00a0 Profesora de artes pl\u00e1sticas, artista, lesbiana y apasionada feminista. De car\u00e1cter rebelde, se comprometi\u00f3 pol\u00edticamente con diferentes causas: el indigenismo, la infancia y el proletariado. No obstante, la emancipaci\u00f3n de la mujer fue una lucha en la que particip\u00f3 toda su vida, destac\u00e1ndose como activista [&hellip;]<\/p>\n","protected":false},"author":1,"featured_media":0,"parent":0,"menu_order":0,"comment_status":"closed","ping_status":"closed","template":"websites-island","meta":{"_eb_attr":"","footnotes":""},"aioseo_notices":[],"_links":{"self":[{"href":"https:\/\/lopoliticoesunverbo.com\/index.php\/wp-json\/wp\/v2\/pages\/64"}],"collection":[{"href":"https:\/\/lopoliticoesunverbo.com\/index.php\/wp-json\/wp\/v2\/pages"}],"about":[{"href":"https:\/\/lopoliticoesunverbo.com\/index.php\/wp-json\/wp\/v2\/types\/page"}],"author":[{"embeddable":true,"href":"https:\/\/lopoliticoesunverbo.com\/index.php\/wp-json\/wp\/v2\/users\/1"}],"replies":[{"embeddable":true,"href":"https:\/\/lopoliticoesunverbo.com\/index.php\/wp-json\/wp\/v2\/comments?post=64"}],"version-history":[{"count":2,"href":"https:\/\/lopoliticoesunverbo.com\/index.php\/wp-json\/wp\/v2\/pages\/64\/revisions"}],"predecessor-version":[{"id":75,"href":"https:\/\/lopoliticoesunverbo.com\/index.php\/wp-json\/wp\/v2\/pages\/64\/revisions\/75"}],"wp:attachment":[{"href":"https:\/\/lopoliticoesunverbo.com\/index.php\/wp-json\/wp\/v2\/media?parent=64"}],"curies":[{"name":"wp","href":"https:\/\/api.w.org\/{rel}","templated":true}]}}

<section class="wp-block-group alignfull has-text-color has-background has-global-padding is-layout-constrained wp-container-core-group-layout-3 wp-block-group-is-layout-constrained" style="color:#03081e;background-color:#c7b6c9;margin-top:0px;padding-top:6.51rem;padding-right:1rem;padding-bottom:5.5rem;padding-left:1rem;font-size:clamp(0.875rem, 0.875rem + ((1vw - 0.2rem) * 0.464), 1.13rem);font-style:normal;font-weight:400;line-height:1.4">
<div class="wp-block-columns is-layout-flex wp-container-core-columns-layout-1 wp-block-columns-is-layout-flex" style="margin-bottom:0px">
<div class="wp-block-column has-global-padding is-content-justification-left is-layout-constrained wp-container-core-column-layout-1 wp-block-column-is-layout-constrained" style="flex-basis:45%">
<figure class="wp-block-image aligncenter size-full is-resized"><img loading="lazy" decoding="async" width="1059" height="1519" src="https://lopoliticoesunverbo.com/wp-content/uploads/2024/02/143_Autografo-Rodig-revista-amauta.png" alt="" class="wp-image-66" style="width:446px" srcset="https://lopoliticoesunverbo.com/wp-content/uploads/2024/02/143_Autografo-Rodig-revista-amauta.png 1059w, https://lopoliticoesunverbo.com/wp-content/uploads/2024/02/143_Autografo-Rodig-revista-amauta-209x300.png 209w, https://lopoliticoesunverbo.com/wp-content/uploads/2024/02/143_Autografo-Rodig-revista-amauta-714x1024.png 714w, https://lopoliticoesunverbo.com/wp-content/uploads/2024/02/143_Autografo-Rodig-revista-amauta-768x1102.png 768w" sizes="(max-width: 1059px) 100vw, 1059px" /></figure>
</div>



<div class="wp-block-column is-layout-flow wp-block-column-is-layout-flow">
<div class="wp-block-group is-vertical is-content-justification-left is-layout-flex wp-container-core-group-layout-2 wp-block-group-is-layout-flex" style="min-height:100%">
<div class="wp-block-group has-global-padding is-content-justification-center is-layout-constrained wp-container-core-group-layout-1 wp-block-group-is-layout-constrained">
<h3 class="wp-block-heading has-text-align-left has-text-color has-prata-regular-font-family" style="color:#7d556f;margin-top:0.5rem;margin-bottom:1.01rem;font-size:clamp(1.556rem, 1.556rem + ((1vw - 0.2rem) * 1.916), 2.61rem);font-style:normal;font-weight:500;letter-spacing:0px;line-height:1.3">Laura Rodig Pizarro </h3>



<h3 class="wp-block-heading has-text-align-left has-text-color has-prata-regular-font-family" style="color:#7d556f;margin-top:0.5rem;margin-bottom:1.01rem;font-size:clamp(0.929rem, 0.929rem + ((1vw - 0.2rem) * 0.856), 1.4rem);font-style:normal;font-weight:500;letter-spacing:0px;line-height:1.3">(Los Andes, Chile 1901- Santiago, Chile 1972)  </h3>



<p class="has-text-align-left has-text-color has-prata-regular-font-family" style="color:#000000;margin-top:0rem;font-size:clamp(0.875rem, 0.875rem + ((1vw - 0.2rem) * 0.609), 1.21rem);font-style:normal;font-weight:400;line-height:1.6">Profesora de artes plásticas, artista, lesbiana y apasionada feminista. De carácter rebelde, se comprometió políticamente con diferentes causas: el indigenismo, la infancia y el proletariado. No obstante, la emancipación de la mujer fue una lucha en la que participó toda su vida, destacándose como activista del MEMCH. En sus diferentes viajes Rodig profundizó lazos afectivos con otras intelectuales y artistas, explorando libremente su sexualidad. Como militante comunista dio refugio a los perseguidos políticos, albergando a niñas huérfanas en su hogar a través del Socorro Rojo Internacional. Falleció en octubre de 1972, habiendo buscado incansablemente la justicia social mediante el arte y la educación. </p>
</div>
</div>
</div>
</div>
</section>

<p>Laura Rodig Pizarro (Los Andes, Chile 1901- Santiago, Chile 1972)  Profesora de artes plásticas, artista, lesbiana y apasionada feminista. De carácter rebelde, se comprometió políticamente con diferentes causas: el indigenismo, la infancia y el proletariado. No obstante, la emancipación de la mujer fue una lucha en la que participó toda su vida, destacándose como activista [&hellip;]</p>
