{"id":93,"date":"2024-02-21T17:03:55","date_gmt":"2024-02-21T16:03:55","guid":{"rendered":"https:\/\/lopoliticoesunverbo.com\/?page_id=93"},"modified":"2024-03-07T23:26:30","modified_gmt":"2024-03-07T22:26:30","slug":"obrasdearte","status":"publish","type":"page","link":"https:\/\/lopoliticoesunverbo.com\/index.php\/obrasdearte\/","title":{"rendered":"ObrasDeArte"},"content":{"rendered":"\n<section class=\"wp-block-group alignfull has-text-color has-background has-global-padding is-layout-constrained wp-container-core-group-layout-1 wp-block-group-is-layout-constrained\" style=\"color:#03081e;background-color:#c7b6c9;margin-top:0px;padding-top:5.01rem;padding-right:1rem;padding-bottom:5.5rem;padding-left:1rem;font-size:clamp(0.875rem, 0.875rem + ((1vw - 0.2rem) * 0.464), 1.13rem);font-style:normal;font-weight:400;line-height:1.4\">\n<div class=\"wp-block-image-gallery-block-image-gallery-block\"><div class=\"eb-parent-wrapper eb-parent-eb-image-gallery-v57nq \"><div class=\"eb-gallery-img-wrapper eb-image-gallery-v57nq masonry overlay-bottom caption-style-0  \" data-id=\"eb-image-gallery-v57nq\"><a href=\"javascript:void(0)\" id=\"eb-gallery-img-content\" class=\"eb-gallery-img-content eb-filter-img-\" rel=\"noopener\"><span class=\"eb-gallery-link-wrapper\"><img decoding=\"async\" class=\"eb-gallery-img\" src=\"http:\/\/lopoliticoesunverbo.com\/wp-content\/uploads\/2024\/02\/18.png\" image-index=\"0\" alt=\"\"\/><span class=\"eb-gallery-img-caption center bottom\">De la serie &#8220;Tipos Mexicanos&#8221;, \u00f3leo sobre cart\u00f3n de Laura Rodig, circa 1922 &#8211; 1923. Colecci\u00f3n MNBA.<\/span><\/span><\/a><a href=\"javascript:void(0)\" id=\"eb-gallery-img-content\" class=\"eb-gallery-img-content eb-filter-img-\" rel=\"noopener\"><span class=\"eb-gallery-link-wrapper\"><img decoding=\"async\" class=\"eb-gallery-img\" src=\"http:\/\/lopoliticoesunverbo.com\/wp-content\/uploads\/2024\/02\/19.png\" image-index=\"1\" alt=\"\"\/><span class=\"eb-gallery-img-caption center bottom\">De la serie &#8220;Tipos Mexicanos&#8221;, \u00f3leo sobre cart\u00f3n de Laura Rodig, circa 1922 &#8211; 1923. Colecci\u00f3n MNBA.<\/span><\/span><\/a><a href=\"javascript:void(0)\" id=\"eb-gallery-img-content\" class=\"eb-gallery-img-content eb-filter-img-\" rel=\"noopener\"><span class=\"eb-gallery-link-wrapper\"><img decoding=\"async\" class=\"eb-gallery-img\" src=\"http:\/\/lopoliticoesunverbo.com\/wp-content\/uploads\/2024\/02\/20.png\" image-index=\"2\" alt=\"\"\/><span class=\"eb-gallery-img-caption center bottom\">&#8220;Mujer con bandeja sobre la cabeza&#8221;, \u00f3leo sobre pap\u00e9l de Laura Rodig, circa 1922 &#8211; 1923. Colecci\u00f3n museo O&#8217;Higginiano y de Bellas Artes de Talca.<\/span><\/span><\/a><a href=\"javascript:void(0)\" id=\"eb-gallery-img-content\" class=\"eb-gallery-img-content eb-filter-img-\" rel=\"noopener\"><span class=\"eb-gallery-link-wrapper\"><img decoding=\"async\" class=\"eb-gallery-img\" src=\"http:\/\/lopoliticoesunverbo.com\/wp-content\/uploads\/2024\/02\/27.png\" image-index=\"3\" alt=\"\"\/><span class=\"eb-gallery-img-caption center bottom\">&#8220;Mujeres aguadoras&#8221;, de Laura Rodig, circa 1923. Colecci\u00f3n Museo de la Educaci\u00f3n Gabriela Mistral.<\/span><\/span><\/a><a href=\"javascript:void(0)\" id=\"eb-gallery-img-content\" class=\"eb-gallery-img-content eb-filter-img-\" rel=\"noopener\"><span class=\"eb-gallery-link-wrapper\"><img decoding=\"async\" class=\"eb-gallery-img\" src=\"http:\/\/lopoliticoesunverbo.com\/wp-content\/uploads\/2024\/02\/27b.png\" image-index=\"4\" alt=\"\"\/><span class=\"eb-gallery-img-caption center bottom\">&#8220;Escena Mexicana&#8221;, de Laura Rodig, circa 1927. Colecci\u00f3n Museo de la Educaci\u00f3n Gabriela Mistral. <\/span><\/span><\/a><a href=\"javascript:void(0)\" id=\"eb-gallery-img-content\" class=\"eb-gallery-img-content eb-filter-img-\" rel=\"noopener\"><span class=\"eb-gallery-link-wrapper\"><img decoding=\"async\" class=\"eb-gallery-img\" src=\"http:\/\/lopoliticoesunverbo.com\/wp-content\/uploads\/2024\/02\/40a.png\" image-index=\"5\" alt=\"\"\/><span class=\"eb-gallery-img-caption center bottom\">&#8220;Mineros de Chile&#8221; de Laura Rodig, 1929. Colecci\u00f3n MNBA.<\/span><\/span><\/a><a href=\"javascript:void(0)\" id=\"eb-gallery-img-content\" class=\"eb-gallery-img-content eb-filter-img-\" rel=\"noopener\"><span class=\"eb-gallery-link-wrapper\"><img decoding=\"async\" class=\"eb-gallery-img\" src=\"http:\/\/lopoliticoesunverbo.com\/wp-content\/uploads\/2024\/02\/40b.png\" image-index=\"6\" alt=\"\"\/><span class=\"eb-gallery-img-caption center bottom\">&#8220;Estibadores en el muelle&#8221; de Laura Rodig, circa 1936. Colecci\u00f3n MNBA.<\/span><\/span><\/a><a href=\"javascript:void(0)\" id=\"eb-gallery-img-content\" class=\"eb-gallery-img-content eb-filter-img-\" rel=\"noopener\"><span class=\"eb-gallery-link-wrapper\"><img decoding=\"async\" class=\"eb-gallery-img\" src=\"http:\/\/lopoliticoesunverbo.com\/wp-content\/uploads\/2024\/02\/45.png\" image-index=\"7\" alt=\"\"\/><span class=\"eb-gallery-img-caption center bottom\">&#8220;Valle de Lord Anson&#8221; de Laura Rodig, \u00f3leo sobre tela. Juan Fern\u00e1ndez , 1953. Colecci\u00f3n Museo de Arte y Artesan\u00eda de Linares.<\/span><\/span><\/a><a href=\"javascript:void(0)\" id=\"eb-gallery-img-content\" class=\"eb-gallery-img-content eb-filter-img-\" rel=\"noopener\"><span class=\"eb-gallery-link-wrapper\"><img decoding=\"async\" class=\"eb-gallery-img\" src=\"http:\/\/lopoliticoesunverbo.com\/wp-content\/uploads\/2024\/02\/85b_Maria-Behety.png\" image-index=\"8\" alt=\"\"\/><span class=\"eb-gallery-img-caption center bottom\">Busto homenaje Mar\u00eda Behety de Laura Rodig. Punta Arenas, 1947. Fondo fotogr\u00e1fico Esteban Scarpa, Museo Regional de Magallanes.<\/span><\/span><\/a><a href=\"javascript:void(0)\" id=\"eb-gallery-img-content\" class=\"eb-gallery-img-content eb-filter-img-\" rel=\"noopener\"><span class=\"eb-gallery-link-wrapper\"><img decoding=\"async\" class=\"eb-gallery-img\" src=\"http:\/\/lopoliticoesunverbo.com\/wp-content\/uploads\/2024\/02\/125_.png\" image-index=\"9\" alt=\"\"\/><span class=\"eb-gallery-img-caption center bottom\">&#8220;Retrato de Laura Rodig&#8221; de Judith Alpi, circa 1925. Colecci\u00f3n Pinacoteca Universidad de Concepc\u00f3n.<\/span><\/span><\/a><a href=\"javascript:void(0)\" id=\"eb-gallery-img-content\" class=\"eb-gallery-img-content eb-filter-img-\" rel=\"noopener\"><span class=\"eb-gallery-link-wrapper\"><img decoding=\"async\" class=\"eb-gallery-img\" src=\"http:\/\/lopoliticoesunverbo.com\/wp-content\/uploads\/2024\/02\/133_.png\" image-index=\"10\" alt=\"\"\/><span class=\"eb-gallery-img-caption center bottom\">&#8220;La fuente y sus mujeres&#8221; de Laura Rodig, 1928. Colecci\u00f3n Museo de Bellas Artes, Palacio Vergara.<\/span><\/span><\/a><a href=\"javascript:void(0)\" id=\"eb-gallery-img-content\" class=\"eb-gallery-img-content eb-filter-img-\" rel=\"noopener\"><span class=\"eb-gallery-link-wrapper\"><img decoding=\"async\" class=\"eb-gallery-img\" src=\"http:\/\/lopoliticoesunverbo.com\/wp-content\/uploads\/2024\/02\/151_.png\" image-index=\"11\" alt=\"\"\/><span class=\"eb-gallery-img-caption center bottom\">&#8220;Desnudo de mujer&#8221; de Laura Rodig, 1937. Colecci\u00f3n MNBA.<\/span><\/span><\/a><a href=\"javascript:void(0)\" id=\"eb-gallery-img-content\" class=\"eb-gallery-img-content eb-filter-img-\" rel=\"noopener\"><span class=\"eb-gallery-link-wrapper\"><img decoding=\"async\" class=\"eb-gallery-img\" src=\"http:\/\/lopoliticoesunverbo.com\/wp-content\/uploads\/2024\/02\/153_.png\" image-index=\"12\" alt=\"\"\/><span class=\"eb-gallery-img-caption center bottom\">&#8220;Planos&#8221; de Laura Rodig, circa 1934. En revista Principios.<\/span><\/span><\/a><a href=\"javascript:void(0)\" id=\"eb-gallery-img-content\" class=\"eb-gallery-img-content eb-filter-img-\" rel=\"noopener\"><span class=\"eb-gallery-link-wrapper\"><img decoding=\"async\" class=\"eb-gallery-img\" src=\"http:\/\/lopoliticoesunverbo.com\/wp-content\/uploads\/2024\/02\/154_.png\" image-index=\"13\" alt=\"\"\/><span class=\"eb-gallery-img-caption center bottom\">&#8220;Columnas de sue\u00f1o&#8221; de Laura Rodig, 1937. Colecci\u00f3n MNBA.<\/span><\/span><\/a><a href=\"javascript:void(0)\" id=\"eb-gallery-img-content\" class=\"eb-gallery-img-content eb-filter-img-\" rel=\"noopener\"><span class=\"eb-gallery-link-wrapper\"><img decoding=\"async\" class=\"eb-gallery-img\" src=\"http:\/\/lopoliticoesunverbo.com\/wp-content\/uploads\/2024\/02\/157_.png\" image-index=\"14\" alt=\"\"\/><span class=\"eb-gallery-img-caption center bottom\">&#8220;Lavanderas&#8221; de Laura Rodig, circa 1923. Colecci\u00f3n privada.<\/span><\/span><\/a><a href=\"javascript:void(0)\" id=\"eb-gallery-img-content\" class=\"eb-gallery-img-content eb-filter-img-\" rel=\"noopener\"><span class=\"eb-gallery-link-wrapper\"><img decoding=\"async\" class=\"eb-gallery-img\" src=\"http:\/\/lopoliticoesunverbo.com\/wp-content\/uploads\/2024\/02\/158_.png\" image-index=\"15\" alt=\"\"\/><span class=\"eb-gallery-img-caption center bottom\">&#8220;Mujeres Aguadoras&#8221; de Laura Rodig, circa 1963. Colecci\u00f3n Museo de la Educaci\u00f3n Gabriela Mistral.<\/span><\/span><\/a><a href=\"javascript:void(0)\" id=\"eb-gallery-img-content\" class=\"eb-gallery-img-content eb-filter-img-\" rel=\"noopener\"><span class=\"eb-gallery-link-wrapper\"><img decoding=\"async\" class=\"eb-gallery-img\" src=\"http:\/\/lopoliticoesunverbo.com\/wp-content\/uploads\/2024\/02\/168_.png\" image-index=\"16\" alt=\"\"\/><span class=\"eb-gallery-img-caption center bottom\">&#8220;Autoretrato&#8221; de Laura Rodig, Paris, 1929. Biblioteca y Centro de Documentaci\u00f3n MNBA.<\/span><\/span><\/a><a href=\"javascript:void(0)\" id=\"eb-gallery-img-content\" class=\"eb-gallery-img-content eb-filter-img-\" rel=\"noopener\"><span class=\"eb-gallery-link-wrapper\"><img decoding=\"async\" class=\"eb-gallery-img\" src=\"http:\/\/lopoliticoesunverbo.com\/wp-content\/uploads\/2024\/02\/174a_.png\" image-index=\"17\" alt=\"\"\/><span class=\"eb-gallery-img-caption center bottom\">&#8220;Maternidad&#8221; de Laura Rodig, circa 1940. Colecci\u00f3n MNBA.<\/span><\/span><\/a><a href=\"javascript:void(0)\" id=\"eb-gallery-img-content\" class=\"eb-gallery-img-content eb-filter-img-\" rel=\"noopener\"><span class=\"eb-gallery-link-wrapper\"><img decoding=\"async\" class=\"eb-gallery-img\" src=\"http:\/\/lopoliticoesunverbo.com\/wp-content\/uploads\/2024\/02\/175.png\" image-index=\"18\" alt=\"Prueba\"\/><span class=\"eb-gallery-img-caption center bottom\">&#8220;Gabriela Mistral&#8221; de Laura Rodig, 1928. Biblioteca y Centro de Documentaci\u00f3n MNBA.<\/span><\/span><\/a><\/div><\/div><\/div>\n<\/section>\n","protected":false},"excerpt":{"rendered":"","protected":false},"author":1,"featured_media":0,"parent":0,"menu_order":0,"comment_status":"closed","ping_status":"closed","template":"websites-island","meta":{"_eb_attr":"","footnotes":""},"aioseo_notices":[],"_links":{"self":[{"href":"https:\/\/lopoliticoesunverbo.com\/index.php\/wp-json\/wp\/v2\/pages\/93"}],"collection":[{"href":"https:\/\/lopoliticoesunverbo.com\/index.php\/wp-json\/wp\/v2\/pages"}],"about":[{"href":"https:\/\/lopoliticoesunverbo.com\/index.php\/wp-json\/wp\/v2\/types\/page"}],"author":[{"embeddable":true,"href":"https:\/\/lopoliticoesunverbo.com\/index.php\/wp-json\/wp\/v2\/users\/1"}],"replies":[{"embeddable":true,"href":"https:\/\/lopoliticoesunverbo.com\/index.php\/wp-json\/wp\/v2\/comments?post=93"}],"version-history":[{"count":23,"href":"https:\/\/lopoliticoesunverbo.com\/index.php\/wp-json\/wp\/v2\/pages\/93\/revisions"}],"predecessor-version":[{"id":287,"href":"https:\/\/lopoliticoesunverbo.com\/index.php\/wp-json\/wp\/v2\/pages\/93\/revisions\/287"}],"wp:attachment":[{"href":"https:\/\/lopoliticoesunverbo.com\/index.php\/wp-json\/wp\/v2\/media?parent=93"}],"curies":[{"name":"wp","href":"https:\/\/api.w.org\/{rel}","templated":true}]}}

<section class="wp-block-group alignfull has-text-color has-background has-global-padding is-layout-constrained wp-container-core-group-layout-1 wp-block-group-is-layout-constrained" style="color:#03081e;background-color:#c7b6c9;margin-top:0px;padding-top:5.01rem;padding-right:1rem;padding-bottom:5.5rem;padding-left:1rem;font-size:clamp(0.875rem, 0.875rem + ((1vw - 0.2rem) * 0.464), 1.13rem);font-style:normal;font-weight:400;line-height:1.4">
<div class="wp-block-image-gallery-block-image-gallery-block"><div class="eb-parent-wrapper eb-parent-eb-image-gallery-v57nq "><div class="eb-gallery-img-wrapper eb-image-gallery-v57nq masonry overlay-bottom caption-style-0  " data-id="eb-image-gallery-v57nq"><a href="javascript:void(0)" id="eb-gallery-img-content" class="eb-gallery-img-content eb-filter-img-" rel="noopener"><span class="eb-gallery-link-wrapper"><img decoding="async" class="eb-gallery-img" src="http://lopoliticoesunverbo.com/wp-content/uploads/2024/02/18.png" image-index="0" alt=""/><span class="eb-gallery-img-caption center bottom">De la serie &#8220;Tipos Mexicanos&#8221;, óleo sobre cartón de Laura Rodig, circa 1922 &#8211; 1923. Colección MNBA.</span></span></a><a href="javascript:void(0)" id="eb-gallery-img-content" class="eb-gallery-img-content eb-filter-img-" rel="noopener"><span class="eb-gallery-link-wrapper"><img decoding="async" class="eb-gallery-img" src="http://lopoliticoesunverbo.com/wp-content/uploads/2024/02/19.png" image-index="1" alt=""/><span class="eb-gallery-img-caption center bottom">De la serie &#8220;Tipos Mexicanos&#8221;, óleo sobre cartón de Laura Rodig, circa 1922 &#8211; 1923. Colección MNBA.</span></span></a><a href="javascript:void(0)" id="eb-gallery-img-content" class="eb-gallery-img-content eb-filter-img-" rel="noopener"><span class="eb-gallery-link-wrapper"><img decoding="async" class="eb-gallery-img" src="http://lopoliticoesunverbo.com/wp-content/uploads/2024/02/20.png" image-index="2" alt=""/><span class="eb-gallery-img-caption center bottom">&#8220;Mujer con bandeja sobre la cabeza&#8221;, óleo sobre papél de Laura Rodig, circa 1922 &#8211; 1923. Colección museo O&#8217;Higginiano y de Bellas Artes de Talca.</span></span></a><a href="javascript:void(0)" id="eb-gallery-img-content" class="eb-gallery-img-content eb-filter-img-" rel="noopener"><span class="eb-gallery-link-wrapper"><img decoding="async" class="eb-gallery-img" src="http://lopoliticoesunverbo.com/wp-content/uploads/2024/02/27.png" image-index="3" alt=""/><span class="eb-gallery-img-caption center bottom">&#8220;Mujeres aguadoras&#8221;, de Laura Rodig, circa 1923. Colección Museo de la Educación Gabriela Mistral.</span></span></a><a href="javascript:void(0)" id="eb-gallery-img-content" class="eb-gallery-img-content eb-filter-img-" rel="noopener"><span class="eb-gallery-link-wrapper"><img decoding="async" class="eb-gallery-img" src="http://lopoliticoesunverbo.com/wp-content/uploads/2024/02/27b.png" image-index="4" alt=""/><span class="eb-gallery-img-caption center bottom">&#8220;Escena Mexicana&#8221;, de Laura Rodig, circa 1927. Colección Museo de la Educación Gabriela Mistral. </span></span></a><a href="javascript:void(0)" id="eb-gallery-img-content" class="eb-gallery-img-content eb-filter-img-" rel="noopener"><span class="eb-gallery-link-wrapper"><img decoding="async" class="eb-gallery-img" src="http://lopoliticoesunverbo.com/wp-content/uploads/2024/02/40a.png" image-index="5" alt=""/><span class="eb-gallery-img-caption center bottom">&#8220;Mineros de Chile&#8221; de Laura Rodig, 1929. Colección MNBA.</span></span></a><a href="javascript:void(0)" id="eb-gallery-img-content" class="eb-gallery-img-content eb-filter-img-" rel="noopener"><span class="eb-gallery-link-wrapper"><img decoding="async" class="eb-gallery-img" src="http://lopoliticoesunverbo.com/wp-content/uploads/2024/02/40b.png" image-index="6" alt=""/><span class="eb-gallery-img-caption center bottom">&#8220;Estibadores en el muelle&#8221; de Laura Rodig, circa 1936. Colección MNBA.</span></span></a><a href="javascript:void(0)" id="eb-gallery-img-content" class="eb-gallery-img-content eb-filter-img-" rel="noopener"><span class="eb-gallery-link-wrapper"><img decoding="async" class="eb-gallery-img" src="http://lopoliticoesunverbo.com/wp-content/uploads/2024/02/45.png" image-index="7" alt=""/><span class="eb-gallery-img-caption center bottom">&#8220;Valle de Lord Anson&#8221; de Laura Rodig, óleo sobre tela. Juan Fernández , 1953. Colección Museo de Arte y Artesanía de Linares.</span></span></a><a href="javascript:void(0)" id="eb-gallery-img-content" class="eb-gallery-img-content eb-filter-img-" rel="noopener"><span class="eb-gallery-link-wrapper"><img decoding="async" class="eb-gallery-img" src="http://lopoliticoesunverbo.com/wp-content/uploads/2024/02/85b_Maria-Behety.png" image-index="8" alt=""/><span class="eb-gallery-img-caption center bottom">Busto homenaje María Behety de Laura Rodig. Punta Arenas, 1947. Fondo fotográfico Esteban Scarpa, Museo Regional de Magallanes.</span></span></a><a href="javascript:void(0)" id="eb-gallery-img-content" class="eb-gallery-img-content eb-filter-img-" rel="noopener"><span class="eb-gallery-link-wrapper"><img decoding="async" class="eb-gallery-img" src="http://lopoliticoesunverbo.com/wp-content/uploads/2024/02/125_.png" image-index="9" alt=""/><span class="eb-gallery-img-caption center bottom">&#8220;Retrato de Laura Rodig&#8221; de Judith Alpi, circa 1925. Colección Pinacoteca Universidad de Concepcón.</span></span></a><a href="javascript:void(0)" id="eb-gallery-img-content" class="eb-gallery-img-content eb-filter-img-" rel="noopener"><span class="eb-gallery-link-wrapper"><img decoding="async" class="eb-gallery-img" src="http://lopoliticoesunverbo.com/wp-content/uploads/2024/02/133_.png" image-index="10" alt=""/><span class="eb-gallery-img-caption center bottom">&#8220;La fuente y sus mujeres&#8221; de Laura Rodig, 1928. Colección Museo de Bellas Artes, Palacio Vergara.</span></span></a><a href="javascript:void(0)" id="eb-gallery-img-content" class="eb-gallery-img-content eb-filter-img-" rel="noopener"><span class="eb-gallery-link-wrapper"><img decoding="async" class="eb-gallery-img" src="http://lopoliticoesunverbo.com/wp-content/uploads/2024/02/151_.png" image-index="11" alt=""/><span class="eb-gallery-img-caption center bottom">&#8220;Desnudo de mujer&#8221; de Laura Rodig, 1937. Colección MNBA.</span></span></a><a href="javascript:void(0)" id="eb-gallery-img-content" class="eb-gallery-img-content eb-filter-img-" rel="noopener"><span class="eb-gallery-link-wrapper"><img decoding="async" class="eb-gallery-img" src="http://lopoliticoesunverbo.com/wp-content/uploads/2024/02/153_.png" image-index="12" alt=""/><span class="eb-gallery-img-caption center bottom">&#8220;Planos&#8221; de Laura Rodig, circa 1934. En revista Principios.</span></span></a><a href="javascript:void(0)" id="eb-gallery-img-content" class="eb-gallery-img-content eb-filter-img-" rel="noopener"><span class="eb-gallery-link-wrapper"><img decoding="async" class="eb-gallery-img" src="http://lopoliticoesunverbo.com/wp-content/uploads/2024/02/154_.png" image-index="13" alt=""/><span class="eb-gallery-img-caption center bottom">&#8220;Columnas de sueño&#8221; de Laura Rodig, 1937. Colección MNBA.</span></span></a><a href="javascript:void(0)" id="eb-gallery-img-content" class="eb-gallery-img-content eb-filter-img-" rel="noopener"><span class="eb-gallery-link-wrapper"><img decoding="async" class="eb-gallery-img" src="http://lopoliticoesunverbo.com/wp-content/uploads/2024/02/157_.png" image-index="14" alt=""/><span class="eb-gallery-img-caption center bottom">&#8220;Lavanderas&#8221; de Laura Rodig, circa 1923. Colección privada.</span></span></a><a href="javascript:void(0)" id="eb-gallery-img-content" class="eb-gallery-img-content eb-filter-img-" rel="noopener"><span class="eb-gallery-link-wrapper"><img decoding="async" class="eb-gallery-img" src="http://lopoliticoesunverbo.com/wp-content/uploads/2024/02/158_.png" image-index="15" alt=""/><span class="eb-gallery-img-caption center bottom">&#8220;Mujeres Aguadoras&#8221; de Laura Rodig, circa 1963. Colección Museo de la Educación Gabriela Mistral.</span></span></a><a href="javascript:void(0)" id="eb-gallery-img-content" class="eb-gallery-img-content eb-filter-img-" rel="noopener"><span class="eb-gallery-link-wrapper"><img decoding="async" class="eb-gallery-img" src="http://lopoliticoesunverbo.com/wp-content/uploads/2024/02/168_.png" image-index="16" alt=""/><span class="eb-gallery-img-caption center bottom">&#8220;Autoretrato&#8221; de Laura Rodig, Paris, 1929. Biblioteca y Centro de Documentación MNBA.</span></span></a><a href="javascript:void(0)" id="eb-gallery-img-content" class="eb-gallery-img-content eb-filter-img-" rel="noopener"><span class="eb-gallery-link-wrapper"><img decoding="async" class="eb-gallery-img" src="http://lopoliticoesunverbo.com/wp-content/uploads/2024/02/174a_.png" image-index="17" alt=""/><span class="eb-gallery-img-caption center bottom">&#8220;Maternidad&#8221; de Laura Rodig, circa 1940. Colección MNBA.</span></span></a><a href="javascript:void(0)" id="eb-gallery-img-content" class="eb-gallery-img-content eb-filter-img-" rel="noopener"><span class="eb-gallery-link-wrapper"><img decoding="async" class="eb-gallery-img" src="http://lopoliticoesunverbo.com/wp-content/uploads/2024/02/175.png" image-index="18" alt="Prueba"/><span class="eb-gallery-img-caption center bottom">&#8220;Gabriela Mistral&#8221; de Laura Rodig, 1928. Biblioteca y Centro de Documentación MNBA.</span></span></a></div></div></div>
</section>
